27, 2*a + 9 - 36 = -3*x. Let s be x*((-4)/36)/(2/(-12)). Suppose -3*v + 2726 = 4*t, -s*v + v = t - 673. Is t composite?
False
Let l = 396 + -398. Is 18/(-36)*(64520/l)/2 a prime number?
False
Let z(c) = -c**3 - 18*c**2 + 4. Let t be z(-18). Suppose -28250 = -t*p + 17230. Is (-4)/(16/p)*2/(-3) a prime number?
False
Let h = 6155 - 3680. Let n = h + 3107. Suppose 4*a - i + 5591 = 8*a, 4*a = 2*i + n. Is a composite?
True
Is (1 - 1) + 869838 + 2 + 5 prime?
False
Let d = -92825 + 372094. Is d composite?
False
Let a = 42 + -38. Suppose 5*d = 2*u + 4*d - 5, -2*u + a*d - 10 = 0. Suppose 0*p - u*s = -2*p + 117, -4*s + 20 = 0. Is p a prime number?
True
Suppose -6 = -28*z + 778. Suppose 307 = 3*w + 52. Let l = w - z. Is l composite?
True
Let m = -34328 - -267535. Is m prime?
False
Is 8634*(-77)/(-66) + 8 a composite number?
True
Let p(m) be the second derivative of -m**3/6 + 33*m**2/2 - 27*m. Let k be p(30). Suppose 2134 = 4*v + 2*x, 4*v - 2*x = k*x + 2155. Is v prime?
False
Let j(r) = -r**3 + 5*r + 3. Let p be j(-1). Is (-72 - 18910)*p/2 a prime number?
True
Suppose 7*k - 12160 = 39*k. Suppose -3*c + 2985 = 2*c. Let z = c + k. Is z a composite number?
True
Let a(d) = 5888*d + 349. Is a(21) a prime number?
True
Let q(l) = 21719*l - 483. Is q(4) composite?
True
Let h(x) = 19*x + 31. Let l be h(1). Suppose 48*u = l*u - 8234. Is u a composite number?
True
Let o = 374 - -222. Suppose o = 4*w - 2*n, -151 = -w - 4*n - 20. Is (2 + 0 - 1)*w/3 a prime number?
False
Suppose -6*c + 4 = -2*c. Let r(w) = -4*w**3 - 2*w + 2. Let k be r(c). Is (3 + k)/((-2)/6) - -1200 composite?
True
Suppose 0 = 18*w - 20*w + 106. Suppose 2*k + 513 = -w. Let z = k + 426. Is z prime?
False
Let p(m) = -2302*m - 1. Suppose 0 = 9*d - 49 + 103. Is p(d) a composite number?
True
Let v(t) = 53*t**2 - 52*t - 524. Is v(-29) composite?
False
Let d = 3569 - 1653. Let v(o) = -239*o**3 + 3*o**2 + 2*o. Let t be v(-2). Suppose 4*p + t = 2*r - p, d = 2*r - 3*p. Is r prime?
False
Suppose 208 = 3*y + 6*s - s, -y + s = -64. Let q = 51 + y. Let f = q + -50. Is f composite?
False
Let y(q) = 497*q**2 + 380*q + 6820. Is y(-19) prime?
False
Let p(z) be the third derivative of -z**6/120 - 11*z**5/60 + 5*z**4/12 - 10*z**3/3 - 22*z**2. Let h be p(-12). Is 3 - (4 + (h - 114)) prime?
True
Let s = 20750 + -14288. Let r = 11443 - s. Is r a prime number?
False
Suppose 6*h + 14792 = 4226. Suppose -5*c + 5 = 3*r - 3, -4 = -4*r. Is (0 + c)/((-3)/h) a prime number?
True
Let i(o) be the first derivative of 13*o**2 - 3*o + 26. Let k be i(15). Let f = k - 68. Is f a composite number?
True
Suppose 11996900 - 1721090 = 30*r. Is r a prime number?
True
Suppose 2*y - 5*y = -99. Let p = y - 21. Is (p/8)/((-3)/(-1174)) prime?
True
Suppose 0 = -5*b - 8 + 28. Suppose -1138 = -11*q + 2569. Is b + -5 - -2*q composite?
False
Let k = -20 + 20. Suppose 4*l - 15 + 7 = k. Suppose y + 3*i = 5*y - 1928, l*i = 3*y - 1445. Is y a composite number?
False
Let h = 10783 - -29560. Is h composite?
False
Suppose g + 730 = -2*m - 4820, -2*g = 0. Let w = 5710 + m. Is w composite?
True
Suppose -4*h = -f + 61990, 2*f + 61984 = 3*f - h. Suppose 75761 = 5*o - y - 1699, f = 4*o + 2*y. Is o a composite number?
False
Let z = -143 - -281. Suppose 0 = 2*w + 5*i - 2791, w - 1235 - z = 2*i. Is w prime?
False
Let z(g) = -g**3 - g**2 - g - 43897. Let h be z(0). Let t = -4814 + h. Is 2/3*t/(-26) prime?
True
Suppose 29*w + 15516 = 23*w. Is w/((2/(-5))/(10/50)) prime?
False
Suppose 4*d = 8*d - 54472. Let p = d + -4271. Is p a composite number?
True
Let z be (-60)/40 - 1/(-2). Is z/(-4) - 23372/(-16) a composite number?
True
Suppose 0 = -9*a + 286079 + 209092. Is a a prime number?
False
Suppose -10*v + 3*v = -0*v. Suppose v = 2*z - 5*i - 17903, i + 10651 = 3*z - 16171. Is z composite?
True
Suppose 4*j - 918868 = 3*z - 2*z, 0 = 3*j + 5*z - 689151. Is j a composite number?
False
Suppose 0 = -3*z + 24, -r + 7*z = 9*z - 709049. Is r prime?
False
Let w(j) = -24*j + 35*j**2 + 23 + 48*j - 15*j. Is w(8) a prime number?
False
Is ((-7)/5 + 1)*(581526/(-36) - 19) a composite number?
False
Suppose -14700 = -22*o + 34*o. Let k = o + 2622. Is k a composite number?
True
Suppose 30082 = -13*d - 13*d. Let n = 1086 - d. Is n prime?
True
Let u(a) = -567*a + 134. Is u(-55) a prime number?
True
Suppose 0 = 5*f - 269975 - 136430. Is f prime?
True
Let r be (-15 - 1853901/289) + 4/(-34). Let v = 17029 - r. Is v prime?
True
Let t(o) = 7*o**2 - 171*o - 4313. Is t(-35) prime?
True
Let x = -288 - -304. Suppose -4*h + x*q - 14*q = -36914, q - 9224 = -h. Is h a composite number?
False
Let g = 496 - 487. Suppose g*d = 134013 - 1128. Is d composite?
True
Suppose 5*x - 4*b = -132, b - 68 = 5*x + 70. Let n be (x/(-63))/((-4)/(-18)). Let z(t) = 339*t - 4. Is z(n) a prime number?
False
Suppose -4*u = -5*i + 2386223, -4*i = u - 757863 - 1151128. Is i prime?
False
Let h = -132 + 192. Suppose -3*p + h = 5*u - 57, 0 = -2*u. Is p a prime number?
False
Suppose -102*r = -73*r - 8739817. Is r a composite number?
True
Let a = -235 - -240. Suppose -3*u = a*i - 7355, -3*i - 5*u + 2942 = -i. Is i a prime number?
True
Let k(h) = -5*h**3 - 5*h**2 + 2*h + 3. Let c(p) = -8*p + 7. Let d be c(-2). Suppose -9*a - d = 22. Is k(a) a composite number?
True
Let d(o) = 9*o**2 + 12*o + 1. Let u = 38 - 11. Suppose 23 + u = -10*t. Is d(t) a composite number?
True
Let i(o) = o**2 - 7*o + 8. Let k be i(3). Is (4 - -7823)*(20/(-15))/k prime?
True
Suppose 2*j + 2*s - 5520 = 0, -3*j + 26*s = 30*s - 8279. Suppose j = 947*c - 946*c. Is c prime?
False
Let m be 1/((-1)/(-42)*-3). Let p = 18 + m. Let g = p - -181. Is g composite?
True
Let d(w) = 24886*w + 5019. Is d(22) prime?
True
Suppose -2*h = h - 30. Let c be (-9 + 14)*7538/h. Is c/9 - 4/(-18) prime?
True
Let a(k) = k**3 + 99*k**2 + 206*k - 17. Is a(-57) composite?
False
Suppose 2*j + 2*d - 103516 = 0, -3*j - 5*d + 128710 = -26578. Is j composite?
True
Let c = 48 + -36. Suppose 13*t = c*t + 2. Suppose 0*f - 539 = -w + f, -5*f = -t*w + 1072. Is w composite?
False
Let m(s) = 137*s - 4. Suppose -12*f + 15*f + 150 = 0. Let z = 56 + f. Is m(z) a prime number?
False
Let l(m) = 25*m**2 - 20*m - 61. Is l(-4) composite?
False
Suppose -8*w + w + 5845 = 0. Suppose 17*j - w = 16*j. Is j composite?
True
Suppose 55 = 53*j - 210. Suppose j*z + 16177 = -l + 51459, -2*z + 14123 = -3*l. Is z prime?
True
Let a(x) = 3*x**3 + 6*x**2 + x - 3. Let z be a(-2). Let s(p) = -721*p - 12. Is s(z) a prime number?
True
Let d(g) = g**3 - 11*g**2 + 89*g + 228. Is d(31) a composite number?
True
Let b be 83802 + (6 - 10) + -5. Is (-1)/(b/(-209445) + (-18)/(-45)) a prime number?
True
Let x(k) = 3*k**2 + 2*k + 3. Let a be x(0). Suppose 5*r - a*r + 4*p + 487728 = 0, 0 = -2*p. Is 4/(-22) - r/88 prime?
False
Let j = -324 - -622. Let o = j + 129. Is 9/((-180)/8) + o/5 prime?
False
Suppose 390*l - 22508595 = 24897343 + 11812052. Is l composite?
False
Suppose -97*m + 74*m = -413057. Is m a composite number?
False
Suppose -124*u = 22*u - 5440834 - 973384. Is u composite?
False
Let z = 998 - 2321. Suppose 2704 = -7*j - j. Let t = j - z. Is t a composite number?
True
Let l = -39 + 41. Let j = 4 - l. Suppose -3*i - f + 2736 = i, j*f = 5*i - 3433. Is i a prime number?
False
Let w(o) = 2758*o**2 - 230*o - 4085. Is w(-16) a composite number?
False
Is (-9)/(-135)*-976491*-5 composite?
True
Let g(b) = -2*b**2 + 20*b**3 - 72*b**3 - 2 - 19*b**3 - 52*b**3 + 2*b. Let r be g(2). Let d = r + 1799. Is d a composite number?
False
Suppose 3*u = -a - 5842, -2*a = 2*u - u + 11684. Let l be a - -1*(-6)/(-3). Let z = l + 8617. Is z a composite number?
False
Suppose 3*x + 2*d - 186805 = 0, -298*d + 302*d - 124534 = -2*x. Is x prime?
False
Let i(d) = -146*d - 2. Let h be i(26). Let s = 11864 + h. Is s/30 + (-4)/(-30) a prime number?
True
Suppose 8*d - 24 = 136. Is (-15914)/(-10) + (-8)/d a prime number?
False
Let g(y) = -2191*y + 2948*y + 151 + 4496*y - 33. Is g(5) prime?
False
Suppose 0 = -q + 371*x - 370*x + 303888, -2*q = -4*x - 607774. Is q prime?
True
Let x = -459 + 471. Suppose -x*o + 9*o + 5845 = 2*d, d = -o + 1948. Is o a prime number?
True
Is (-7 - -4)/(8/((-42872)/3)) a composite number?
True
Let o(z) = 2*z**2 + 8*z - 7. Let i be o(-5). Suppose -i*c + 14990 = x, 5*x = 2*c + 94637 - 19670. Suppose 308 = 11*j - x. Is j a prime number?
False
